{"id":9,"date":"2014-09-26T13:38:46","date_gmt":"2014-09-26T11:38:46","guid":{"rendered":"http:\/\/srv1636.omansrv16.omanbros.com\/?page_id=9"},"modified":"2019-11-26T17:58:12","modified_gmt":"2019-11-26T15:58:12","slug":"psychotherapie","status":"publish","type":"page","link":"https:\/\/psychotherapie-felsberger.at\/?page_id=9","title":{"rendered":"Psychotherapie"},"content":{"rendered":"<h1>Psychotherapie<\/h1>\n<p>Ich biete Psychotherapie f\u00fcr Erwachsene, Jugendliche und Kinder, sowie Eltern und S\u00e4uglinge an. Vor Beginn einer Einzelpsychotherapie ist ein Vorgespr\u00e4ch notwendig. Eine Bezuschussung durch die Krankenkassen ist auf Antrag m\u00f6glich.<\/p>\n<p>Die Therapie ist auch in englischer oder italienischer Sprache m\u00f6glich.<\/p>\n<p><a title=\"Einzelpsychotherapie\" href=\"https:\/\/psychotherapie-felsberger.at\/?page_id=79\">Einzelpsychotherapie<\/a><br \/>\n<a title=\"Gruppenpsychotherapie\" href=\"https:\/\/psychotherapie-felsberger.at\/?page_id=84\">Gruppenpsychotherapie<\/a><br \/>\n<a title=\"Eltern-S\u00e4uglings-Psychotherapie\" href=\"https:\/\/psychotherapie-felsberger.at\/?page_id=86\">Eltern-S\u00e4uglings-Psychotherapie<\/a><br \/>\n<a title=\"Mentalisierungsbasierte Psychotherapie\" href=\"https:\/\/psychotherapie-felsberger.at\/?page_id=88\">Mentalisierungsbasierte Psychotherapie<\/a><\/p>\n<p>Kosten auf Anfrage.<\/p>\n<p>Kosten\u00fcbernahme durch die Krankenkasse ist bei Verf\u00fcgbarkeit von freien Kassenpl\u00e4tzen auf Antrag m\u00f6glich.<\/p>\n<p>Teilrefundierung durch die Krankenkassen ist auf Antrag m\u00f6glich: zumeist \u20ac 21,80 pro Einzeltherapiesitzung und \u20ac 7,72 pro Gruppentherapiesitzung, sofern die Kriterien einer St\u00f6rung nach ICD-10 (Internationale Klassifikation psychischer St\u00f6rungen) erf\u00fcllt sind. BVA-Versicherte erhalten ab 1.11.2014 eine Refundierung von \u20ac 40 bzw. \u20ac 13.<\/p>\n<p>Absageregelung: K\u00f6nnen Sie einmal einen Termin nicht einhalten, so bitte ich Sie diesen Termin mindestens 24 Stunden vorher zu stornieren. Andernfalls muss ich das Honorar in Rechnung stellen. Im Detail werden alle Rahmenbedingungen einer Behandlung im unverbindlichen Erstgespr\u00e4ch besprochen.<\/p>\n<p>&nbsp;<\/p>\n","protected":false},"excerpt":{"rendered":"<p>Psychotherapie Ich biete Psychotherapie f\u00fcr Erwachsene, Jugendliche und Kinder, sowie Eltern und S\u00e4uglinge an. Vor Beginn einer Einzelpsychotherapie ist ein Vorgespr\u00e4ch notwendig. Eine Bezuschussung durch die Krankenkassen ist auf Antrag m\u00f6glich. Die Therapie ist auch in englischer oder italienischer Sprache m\u00f6glich. Einzelpsychotherapie Gruppenpsychotherapie Eltern-S\u00e4uglings-Psychotherapie Mentalisierungsbasierte Psychotherapie Kosten auf Anfrage. Kosten\u00fcbernahme durch die Krankenkasse ist bei [&hellip;]<\/p>\n","protected":false},"author":1,"featured_media":0,"parent":0,"menu_order":20,"comment_status":"open","ping_status":"closed","template":"","meta":{"footnotes":""},"class_list":["post-9","page","type-page","status-publish","hentry"],"_links":{"self":[{"href":"https:\/\/psychotherapie-felsberger.at\/index.php?rest_route=\/wp\/v2\/pages\/9","targetHints":{"allow":["GET"]}}],"collection":[{"href":"https:\/\/psychotherapie-felsberger.at\/index.php?rest_route=\/wp\/v2\/pages"}],"about":[{"href":"https:\/\/psychotherapie-felsberger.at\/index.php?rest_route=\/wp\/v2\/types\/page"}],"author":[{"embeddable":true,"href":"https:\/\/psychotherapie-felsberger.at\/index.php?rest_route=\/wp\/v2\/users\/1"}],"replies":[{"embeddable":true,"href":"https:\/\/psychotherapie-felsberger.at\/index.php?rest_route=%2Fwp%2Fv2%2Fcomments&post=9"}],"version-history":[{"count":11,"href":"https:\/\/psychotherapie-felsberger.at\/index.php?rest_route=\/wp\/v2\/pages\/9\/revisions"}],"predecessor-version":[{"id":301,"href":"https:\/\/psychotherapie-felsberger.at\/index.php?rest_route=\/wp\/v2\/pages\/9\/revisions\/301"}],"wp:attachment":[{"href":"https:\/\/psychotherapie-felsberger.at\/index.php?rest_route=%2Fwp%2Fv2%2Fmedia&parent=9"}],"curies":[{"name":"wp","href":"https:\/\/api.w.org\/{rel}","templated":true}]}}